5*k. Let s(h) = -h**3 - 4*h**2 - 4*h - 1. Calculate s(z).
2
Let c(p) be the second derivative of 3/2*p**2 + 3*p + 1/2*p**3 + 0. Calculate c(-3).
-6
Let v(a) be the third derivative of -a**5/60 - a**3/3 - a**2. What is v(0)?
-2
Let d be 16/(-28) - 8/(-14). Let s(v) = -v**2 - 8. Calculate s(d).
-8
Let r be (12/(-9))/(3/(-9)). Suppose -2 = -r*y - 6. Let w(l) = 6*l**2 - 1. Determine w(y).
5
Let w be ((-2)/(-3))/(8/72) - 3. Let i(r) = r**2 - 6*r + 2. Determine i(w).
-7
Suppose -1 = -b + 2*b. Let o(c) = c**3 - c**2 - c - 1. Let d(t) = -8*t**3 + 2*t**2 + 3*t + 2. Let r(v) = b*d(v) - 2*o(v). Suppose z = 2*z + 1. What is r(z)?
-5
Let f(d) = 7*d**2 + 8*d + 2. Let h(a) = -3*a**2 - 4*a - 1. Let l(s) = 4*f(s) + 9*h(s). Let k(x) = x**3 + 6*x**2 - x. Let j be k(-6). Let y = j + -2. Give l(y).
-1
Suppose 2*g = -0 - 4. Let a(r) = r**3 + 2*r**2 + 1. Let q be a(g). Let t(l) = 0*l - l + 12*l. Determine t(q).
11
Let c(l) = -6*l**3 - 2*l**2 + 2*l - 1. Suppose y + 6 = 1. Let d(i) = 5*i**3 + 2*i**2 - i + 1. Let v(b) = y*d(b) - 4*c(b). Determine v(-2).
5
Let n(d) = -d**2 + 5*d + 10. Let v be n(7). Let x(b) = -b - 2. Give x(v).
2
Suppose -2*g = -5*i - 34, 0 = -5*g + 5*i + 26 + 44. Let n = 17 - g. Let y(z) = -z**2 + z - z + 6*z. Give y(n).
5
Let z(x) = -x**2 + 7*x - 5. Suppose -5 = -3*n + 13. Suppose 9 = 3*v - n. What is z(v)?
5
Let t(x) = x + 4. Let c(p) = p**2 - 10*p - 16. Let g be c(11). Let i be g/(-1) - (-5 + 7). Give t(i).
7
Let n be 1/14*-2 - 605/77. Let c(j) = j**2 + 7*j - 9. What is c(n)?
-1
Let n = 2 - 0. Suppose -4*f - 16 = -n*q, -3*f + f = -3*q + 8. Let j(y) = -y - 3. Calculate j(q).
-3
Let q(d) = 4*d - 1. Let i(w) = w**3 - 4*w**2 - 7*w - 1. Let f be i(5). Let s = f - -12. Calculate q(s).
3
Let r(b) = 7*b**2 + 17*b - 9. Let k(u) = -2*u**2 - 4*u + 2. Let x(i) = 9*k(i) + 2*r(i). Give x(-2).
-12
Let y = -6 - -8. Let l(j) = 0*j**2 - 5*j + 4*j**2 - 1 + y*j + 4*j. Determine l(1).
4
Let i(z) = -3*z + 9*z + 3 + 1532*z**2 - 1531*z**2. Let p(a) = 2*a. Let c be p(-2). What is i(c)?
-5
Let g = -102 - -105. Let o(l) = -l - 2. Give o(g).
-5
Let i(g) = -g**2 - 7*g - 6. Let y(p) = p**3 - 4*p**2 - p - 5. Let s be y(4). Let a(t) = t**2 + 10*t + 5. Let j be a(s). What is i(j)?
6
Let k(c) = 3*c - 1 - 6 + 5. Calculate k(6).
16
Let k(f) = 4*f + 2. Let h(x) = -x - 10*x - 24 + 18. Let n(u) = 3*h(u) + 8*k(u). Let t = -3 + 1. What is n(t)?
0
Suppose 0 = -i + 6*i + 4*m - 40, -4*m = -20. Let f(s) = 2*s - 5. Determine f(i).
3
Let j(l) = l - l**3 + l**2 + 3 - 5*l + l**2 + 0*l. Determine j(2).
-5
Let d(u) be the first derivative of 1/3*u**3 + 3/2*u**2 + 4*u - 4. Give d(-3).
4
Let x(i) = -5*i - 3. Let w(l) = -3*l - 2. Suppose 0 = 5*t + 4*d + 12, 0*t = -3*t - 3*d - 6. Let o(u) = t*x(u) + 7*w(u). Give o(4).
-6
Let m(u) = 0*u + u + u**3 - 2*u**3 + 3*u**3. What is m(-1)?
-3
Let p = -5 + 2. Let t be 4/p*(-18)/(-12). Let a(d) = 2*d. What is a(t)?
-4
Let c = -102 + 99. Let p(n) = 10*n + 3. Calculate p(c).
-27
Let i(v) = -v**2 + 2*v + 2. Suppose -s = -11 - 12. Suppose -s = -5*j + 2*o, 4*o - 5*o = -2*j + 10. Suppose -d = j*r - r - 10, -4 = -2*d. Determine i(r).
-6
Let f = 3 - 3. Let i(h) = 9 + 2*h + f*h - h. Give i(-4).
5
Let u = 11 - 6. Suppose 0 = -4*q + 2*v + v + 11, 0 = u*q - 5*v - 20. Let y(i) = -3*i + 1. Give y(q).
4
Let v be -4 + -2 + 4/1. Let c = 2 - v. Let z(d) = -2*d + 1. Determine z(c).
-7
Let w(k) = k**2 - 1. Let b(g) be the third derivative of g**5/30 + g**4/6 + 2*g**3/3 - 2*g**2. Suppose -3*t + t + 2 = 0. Let n(p) = t*b(p) - w(p). Give n(-4).
5
Let v(u) = 8 - 1 - 5 - 2*u**2 + u**2 + u**3. Give v(-2).
-10
Let h(f) = 2*f + 3. Let c(b) = b**2 + 7*b + 6. Let r be c(-6). Let i(n) = n**3 - n**2 - n - 3. Let q be i(r). Give h(q).
-3
Let n(t) = -8*t**2 + 5*t + t**3 - 3*t**3 + 5 + 4*t**2 + t**3. Determine n(-5).
5
Let p(w) = 9*w**2 + 5. Let d(b) = -6*b**2 - 3. Let m(f) = 8*d(f) + 5*p(f). Let n be (2/(-4))/(6/(-12)). Determine m(n).
-2
Let r(h) = 2*h - 2. Let a(p) = -7*p + 8. Suppose 0 = -3*q - 2*q - 30. Let s(l) = q*a(l) - 22*r(l). Suppose 3*z - 9 = 3*f, 4*z + f + 4*f = 12. Give s(z).
-10
Let v(n) be the second derivative of n**3/6 + 3*n**2 + n. Give v(-6).
0
Let t(u) be the first derivative of u**3/3 - 5*u**2/2 + 7*u + 2. Suppose -10 = -b - 5. Determine t(b).
7
Let b(l) be the first derivative of 4*l - 1/2*l**2 + 1. Suppose 0 = -q - 3*q + 3*n - 4, -q + 18 = 4*n. Calculate b(q).
2
Let s(z) = z - 1. Let l(j) = -j**2 + 3*j. Let g = 0 + 2. Let x be l(g). Suppose -3*i = o - 12, -6*i + x*i + o + 16 = 0. Give s(i).
3
Let u(a) = 4*a - 3. Let j(g) = 2*g - 1. Let c(y) = -13*j(y) + 6*u(y). What is c(8)?
-21
Let j be 2 - ((-3)/(-1))/3. Let l(p) = -j - 3*p + 2*p - p**2 + 0*p. Determine l(-1).
-1
Let q(f) be the first derivative of f**3 - f**2 - f + 1. Give q(2).
7
Let h(d) = -d - 3. Let z(q) = q**3 - q**2 + q - 1. Let t(b) = 2*b**3 - 3*b**2 + 3*b - 3. Let i(o) = -3*t(o) + 8*z(o). Let g be i(1). What is h(g)?
-6
Suppose 0 = -r + 6*r. Let o(u) = -7*u - 14. Let d = -8 - -5. Let c(w) = 4*w + 7. Let h(p) = d*o(p) - 5*c(p). What is h(r)?
7
Let b be 3 - 0/(-1) - 1. Let t be -3*(b + -1) + 1. Let w(i) = 5*i + 2. Let a(f) = 9*f + 4. Let g(p) = -3*a(p) + 5*w(p). Calculate g(t).
2
Let j(h) be the third derivative of h**6/120 + h**5/60 + h**4/24 - 13*h**3/6 + 2*h**2. Calculate j(0).
-13
Let l(r) = -r**3 + 2*r**2 - 3*r + 3. Let q be l(2). Let j(c) = -5*c - 2. Let k(o) = -1 - 6 + 3 - 9*o. Let u(z) = 7*j(z) - 4*k(z). Give u(q).
-1
Let v(a) = a**2 + 3. Suppose -9*b + 13*b = 0. Calculate v(b).
3
Let x(b) = -3*b. Suppose -4*y - 15 = -11. Determine x(y).
3
Suppose -4*j - 83 = -3*x, 0 = 3*j - 5*x - 4 + 58. Let t = 28 + j. Let r(w) = w**3 - 5*w**2 + 3*w - 7. Determine r(t).
8
Suppose 6*a - a = 0. Suppose a = 3*y - 4*y - 8. Let z = -12 - y. Let o(k) = k + 5. Calculate o(z).
1
Let o(y) = 3*y + 2*y + 5*y + 1 + 4*y. Give o(1).
15
Let s(c) be the first derivative of c**2/2 + 2*c - 22. Give s(-3).
-1
Let b(s) be the first derivative of -s**3/3 - 4*s**2 - 7*s + 13. Give b(-6).
5
Let v(s) = s**3 + 5*s**2 - 8*s - 2. Let d(t) = 4*t + 18. Let q be d(-6). Determine v(q).
10
Let y = 12 - 7. Suppose -2*p = -3*j + 9, -3*p = -p - y*j + 19. Let f(h) = -3*h**2 - h**3 - p*h**2 + 0*h**2 - 2 - 6*h. What is f(-5)?
3
Let a(z) = -12 + 19*z - 31*z + 13*z - 2. What is a(9)?
-5
Let n(k) = -3*k**3 - 2*k**2 - 4*k - 3. Let g(l) = 3*l**2 + 5*l. Let r be g(-1). Calculate n(r).
21
Let j(w) = -w + 9. Let y be j(7). Let t(s) = s + 5 - 2*s**3 + 4*s**y + 0*s**2 + 3*s**3 - 2*s. Give t(-4).
9
Let d(f) be the first derivative of 2*f + 1/2*f**2 + 2. Give d(2).
4
Let f = -14 - -21. Let o(j) = -2 + j - 1 + f. Let h(g) = -g - 2. Let q be h(-5). Give o(q).
7
Suppose 3 = v + 3*j + 16, 2*j + 12 = v. Let l(p) = -2*p**2 - 4*p + 2. Let r(c) = 5*c**2 + 9*c - 4. Let b(w) = -7*l(w) - 3*r(w). Determine b(v).
-4
Let a be (5 - 0)*27/15. Let z be a/12 - (-2)/8. Let w(h) be the second derivative of h**4/3 - h. What is w(z)?
4
Let l(h) = h - 1. Suppose 2 = -3*f - r, 3*f - 3 = 5*r + 7. What is l(f)?
-1
Let h be (2/(-4))/(2/4). Let g(n) = -7*n**3 - 1. Let x(t) = -7*t**3 - 1. Let r(u) = -3*g(u) + 2*x(u). Give r(h).
-6
Let d be -1 - (-1 + 1) - -4. Suppose 3 = -d*a + 6. Let s be (-2)/(a/(-3) - -1). Let y(t) = t**2 + 4*t + 3. Determine y(s).
0
Let u(v) be the second derivative of -v**4/12 - 2*v**3/3 + v. Suppose -5 = g - 1. What is u(g)?
0
Let l(d) = -3 + 51*d - 51*d + d**3. Let c = -21 + 21. Give l(c).
-3
Let x be 3/4*2*2. Suppose -2*w - x*s + 0*s - 8 = 0, 0 = -w + s + 6. Let u be 20/(-15)*(-3)/w. Let i(t) = -t**3 + 2*t**2 - t + 2. Determine i(u).
0
Let x(v) = 2*v - 3. Let s be 14/12*-2*3. Calculate x(s).
-17
Let t be 1/((-3)/(-2) + -2). Let c(m) = -m**3 - m**2 + m + 3. Let u(o) = 3*o**3 + 4*o**2 - 3*o - 8. Let y(k) = -8*c(k) - 3*u(k). Give y(t).
-10
Let z(y) = 0*y + 2*y - y - 3. Let v be 2*1 + (-12)/3. Let c = 3 - v. Determine z(c).
2
Let r(q) be the third derivative of q**5/60 - q**4/3 - 52*q**2. What is r(8)?
0
Let l(k) = k**2 - 4*k. Suppose 6 = 3*d, 5*d - 2 = 2*q - 0. What is l(q)?
0
Let o(a) be the second derivative of 1/2*a**2 + 0*a**3 + 4*a + 0 - 5/6*a**4. Give o(1).
-9
Let c(n) = -n**2 - 2*n - 2. Let q(g) = -g**2 + 18*g + 12. Let y be q(18). Suppose y = 5*u - 11*u. Give c(u).
-2
Let a(x) = 8 - 3*x + 0*x**2 + 0*x**2 - x**2. Let k(b) = -b**3 + 4*b**2 - 2*b + 2. Let d be k(4). Wh